 - -3)
-12
Calculate (7 - -2) + -8 - (-4 - 4).
9
12 + 20 + -19 + (-28 - 1)
-16
What is 11 + -11 - (15 - 11)?
-4
What is 1 + (-3 - (10 - 4)) + 7?
-1
1 - 21 - 0 - -34
14
-9 - 13 - (-7 + (-1 - 2))
-12
What is (3 - 1) + -23 + 6 - (9 + -11)?
-13
What is (-147 - -153) + (-1 - 5)?
0
-2 - (4 + -8 + (4 - 7))
5
Calculate 34 - (-3 + (-4 - -1) + 11 - -5).
24
Calculate (-15 - -3) + -4 + (5 - 0).
-11
What is the value of -9 + (4 - -17) - (-13 - -2)?
23
Calculate (-1 - 17) + (-34 + 4 - -37).
-11
Calculate 2 - -3 - (12 + -2 - 16).
11
What is the value of (16 - 10 - -4) + 0 + -5?
5
What is 9 + -30 - (3 + -10 + -1 + 2)?
-15
What is the value of 13 - (-2 - 10 - -22)?
3
Calculate -3 - (-23 + 14) - 5.
1
What is (-21 - -10) + 28 + -4?
13
Evaluate 6 - (152 - 159 - (1 + -10)).
4
What is 1 - (-21 + (28 - 24))?
18
15 - ((0 - 0) + -87 + 87)
15
What is the value of 20 - (8 - 7 - (6 + -6) - 4)?
23
Calculate -2 - (1 + (7 - 0) + -10 + 10).
-10
15 + -12 + -1 + -5 + 2
-1
Calculate (2 - (3 - -17)) + 3.
-15
What is the value of -146 + 168 + (-6 - (-2 + 1))?
17
Calculate 97 + -69 - (2 - -10).
16
What is the value of -1 + -6 + (4 - (-2 - -2))?
-3
What is the value of (19 - 17 - (-3 - -3)) + 5?
7
(-4 - 4) + 11 + -32 + (14 - 9)
-24
-2 + 11 - (36 + 3 + -16)
-14
Calculate 1 - (-10 - -11) - 7 - 16.
-23
Calculate (13 - (9 + (-10 - -6))) + (-3 - 1).
4
What is -1 - -11 - (2 - 6)?
14
What is -4 - (47 + -40 - (4 + -2))?
-9
Evaluate -7 + (-17 + (3 - -26) - 37).
-32
What is (7 - 6) + 28 + -5 + (-2 - -1)?
23
Calculate 3 - 3 - (5 - 16 - -6).
5
What is 10 - (-27 + 49) - 10?
-22
Calculate (5 - (3 - 0)) + -7 + -1 + 6.
0
(0 - 2) + 12 - (-16 - -25 - -4)
-3
Evaluate 14 - (18 + -12 + 10).
-2
17 - (0 - 17 - -5) - (-8 - -1)
36
Calculate (146 - 155) + (2 - 13) + -4 + 4.
-20
18 + -17 + 5 - (-1 - -9 - 1)
-1
-19 - (10 + -23) - 1
-7
What is -4 + -19 - (-36 + 27) - (0 + 2)?
-16
What is the value of 42 + -24 + 2 + -4 + -40?
-24
Evaluate (1 - 2) + -6 - ((44 - -6) + -59).
2
Evaluate (-10 - -3) + 8 + 30 + -34.
-3
What is 32 + (23 - (24 + -4)) + -1 + -11?
23
Calculate -10 + -7 + 4 + -7 + 12.
-8
What is -7 + 7 + -1 + 8 + -7?
0
-1 - (-15 - -5) - (0 + 9) - -4
4
Evaluate (38 - (5 - -1)) + -12.
20
What is 0 - (1 + -2) - (-253 + 276) - 3?
-25
Calculate -3 - (-12 + 7) - -6.
8
What is the value of 0 + -6 - (-15 + (-10 - -27 - 4))?
-4
What is -9 + 25 - (-1 + (-3 - -3))?
17
0 + -9 - (167 - 170)
-6
What is (22 + 17 - 37) + -11?
-9
1 - (-1 + (5 - (-4 - 3)))
-10
Calculate (41 - (67 + -29)) + (-25 - -1).
-21
-2239 + 2267 - (0 + 10 + 0)
18
What is the value of (2 + -5 - (-7 + 0)) + -23 + 4?
-15
-18 - ((8 - 8 - -2) + -3)
-17
-6 - 2 - (290 + -322)
24
-4 + -7 + (27 - 7)
9
What is -1 + 24 - (255 + -240)?
8
Calculate -18 + 2 + (-18 - -7) + 4.
-23
7 - (-13 + 2 + -4 - -11)
11
What is the value of 9 + (5 - 5 - -9) - 8?
10
Calculate -1 + 8 - (1 + -7).
13
Evaluate 0 - (-15 - -1) - (-5 + 7).
12
Evaluate (35 - (16 + 3)) + -13.
3
Evaluate 49 + -58 - (-5 - (-2 + 1)).
-5
What is the value of 2 - -4 - (51 - 38)?
-7
Evaluate 60 - 49 - ((2 - 2) + -5 + 3).
13
(-20 - (8 - 4)) + 0 + 5
-19
-6 + -1 + 5 + -4
-6
What is (50 + -48 - 11) + (-3 - 0)?
-12
What is the value of -20 + (68 - 11) + (3 - 10) + 6?
36
What is the value of 23 + (-36 - -7) + 14?
8
Calculate (-75 - -81) + (7 - -1 - 15).
-1
Evaluate -10 - 2 - -10 - (-6 - -2 - 7).
9
Evaluate -19 - (1 - 1) - ((1 - 15) + 9).
-14
What is (131 - 125) + (-7 - (0 + -1 + 1))?
-1
Calculate 10 + (5 - 9) + -3.
3
What is the value of 8 + -9 + -5 + (-2 - -5)?
-3
-3 + (35 - ((58 - 50) + -4 + -2))
30
What is 0 + (-13 - -6) + 6 + -2 + -3?
-6
What is -32 + (30 - (24 + (6 - 12)))?
-20
2 + 0 + -11 + (49 - (90 - 34))
-16
What is the value of -2 + -3 - (-3 + -5 + 6 + -5)?
2
Calculate 0 + 18 - (1036 + -1026).
8
(0 + -4 - 0) + (3 - -7)
6
Calculate -13 - (-8 + 3 - 10).
2
Evaluate -8 - -6 - (7 + 1) - (-6 - -14).
-18
Calculate (-2 - 0) + (-40 - (-60 - -22)).
-4
What is -304 + 314 - (2 - -5)?
3
What is -1 + -4 + -25 + (-6 + 14 - -5)?
-17
What is the value of 585 - 600 - (-1 - 37)?
23
Calculate -16 + -1 + (122 - 135).
-30
Calculate -46 + 19 + (0 + -8 - (12 - 17)).
-30
What is the value of (9 + -7 + 1 - (-2 + 0)) + 14?
19
(2 + 4 - (-2 - -17)) + -4
-13
What is 4 + 1 + (-17 - -10) + 8?
6
Evaluate 7 + (-18 - (3 - (3 + 1))).
-10
What is 30 + (-21 - 2) + -24?
-17
What is the value of (-8 - 3 - -4) + -5 - -1?
-11
19 + 16 + 0 + -7 + -10
18
What is the value of 3 + -12 + 13 + 8?
12
Calculate 23 + -17 - (4 - (-10 - 0)).
-8
Evaluate -25 + (-7 - -7 - 4) + (6 - 3).
-26
What is -6 + (8 - 18) + 19 + 10 - 10?
3
What is the value of 13 - -5 - (-15 - (-32 + 8))?
9
Calculate 0 - (-21 + -8 + -3 + (-2 - 1)).
35
(-2 - -10) + -2 + -19
-13
Evaluate (1 - -1) + (3 - 12) + 10 + -15.
-12
What is the value of 20 + -19 + 17 + -18?
0
What is (-1 - -2) + -20 + 15 + 10?
6
2 + 1 + (-4 + -1 - (-35 - -44))
-11
What is the value of -41 + 75 + -46 + 18?
6
3 + -8 + (-1 - 3 - (75 - 71))
-13
Calculate -15 - (8 - 20) - (2 - -2 - -2).
-9
Evaluate -13 - (269 + -275 - (1 - -32)).
26
What is (-8 - (-1 + -1)) + -28 + 32?
-2
(1 + 3 - (-5 - (-23 - -8))) + 23
17
(-11 - (13 + -28)) + 10
14
Evaluate 1 + -12 + (5 - -10) + -5 + 0.
-1
What is -14 + 29 + -37 + 11?
-11
What is the value of (-2 + 3 - 1) + (-619 - -607)?
-12
-4 + 16 - (49 + -32)
-5
-17 - (-12 + -25 + 17)
3
29 + (2 - (14 + -16 + 12 + -7))
28
Calculate 7 + -7 - -4 - (1 - 3 - 1).
7
Evaluate (-18 + (17 - 10) - -14) + -7.
-4
What is the value of (248 - 241) + -1 + 14?
20
What is the value of 9 + (4 - -5 - (2 - 4))?
20
-4 + (5 + (-6 - (1 - 0)) - -7)
1
Calculate 6 + -2 + -4 + (23 - 14).
9
Evaluate -1 + 7 + 4 + -5 + 22 + -11.
16
What is the value of 120 + -36 - 36 - 31?
17
Evaluate 1 + -4 + -7 + -1.
-11
-8 + 0 + 42 + 29 + -73 - 30
-40
Evaluate 30 + 6 - 72 - (-8 - -3).
-31
Calculate 9 - (0 - -13) - (-3 + 5).
-6
(-2 - -16) + (0 - (-25 - -23))
16
What is -10 + 26 + -24 - -27?
19
8 + -14 + 1 - (-4 + -5)
4
20 - (-7 + 6 - -8) - 5
8
Calculate -2 + (8 - 6) + -1.
-1
What is -13 - ((7 - 34) + 11 + 15)?
-12
What is the value of 10 + (-4 + -1 - -2 - -11) + -4?
14
What is the value of 17 - 11 - 3 - 4?
-1
(-1 - 20) + (-11 - -35 - 12)
-9
Evaluate 3 + -11 + 0 + 17 + 2 + 3.
14
What is 18 + (-57 - -13 - -19)?
-7
What is 4 + (140 + -167 - (-15 + 0))?
-8
What is the value of 6 + (-2 - -7 - (-45 - -43))?
13
What is (-29 - -7) + (11 - 14)?
-25
What is 137 - 80 - 59 - (0 + -1 + 2)?
-3
What is the value of -30 + -5 - (-61 + -1)?
27
What is 1 - (2 - 3) - (5 - (-4 - -2))?
-5
What is the value of -14 + 16 + (-4 - -27)?
25
(-12 - (4 + -4 - 3)) + 8
-1
What is (18 - -24) + -59 + 19?
2
9 - 2 - (22 + (15 - 32))
2
-4 + (-2 - (15 + -3 + -3 + -8))
-7
Calculate -3 - 38 - ((9 - 13) + -8).
-29
Evaluate -6 + (-6 - (4 - -3) - -9).
-10
-49 + (-14 - -11) - -24 - (0 - 0)
-28
(54 - (-5 + 20)) + -73
-34
Evaluate (-21 + -8 - (-6 + -1 + -1)) + 7.
-14
What is the value of -6 + 0 - (13 - -3 - (-29 + 43))?
-8
What is the value of -11 - (-9 - (25 - 37))?
-14
What is -21 - (-6 - (1 + -15) - (2 + 5))?
-22
Evaluate -20 + -1 + -102 + 121.
-2
What is the value of 0 - -13 - ((-5 - -2 - -2) + 7)?
7
Evaluate 14 - 18 - (6 - 1 - -6).
-15
What is -24 + 37 + (-1 - 20) + (-5 - 3)?
-16
Evaluate 4 - (-20 - -1 - -16).
7
Calculate -26 + -15 + -17 + 42.
-16
(43 - (32 - 2)) + -14
-1
2 + (0 - -2 - (7 + 1)) + 13
9
What is the value of (-11 - -17) + (2 - -3) - (1 + 3)?
7
Calculate -23 + 14 + (-5 - (-1 + -6)) + 4.
-3
(12 - (-10 + 14)) + 5 + -18
-5
What is 12 + 0 + 0 - (9183 - 9161)?
-10
Evaluate -37 - -21 - -1 - (0 - -5).
-20
Evaluate -6 + 6 + -12 + 15 + 1.
4
What is (5 - (-9 + (-4 - (0 + -35)))) + -3?
-20
Calculate (2 - 3 - 4) + -26 - (128 + -135).
-24
Calculate 83 + -62 - (-1 + 6).
16
Evaluate (0 - -1) + (11 - (-5 - (-23 - -11))).
5
What is 7 + 6 + -12 + (1 - -7) + -3?
6
What is the value of -10 - (-8 - -4 - -5) - (11 - 8)?
-14
What is 15 + -7 + -48 + 24?
-16
Calculate -19 - (-42 + (-11 - -26)).
8
Calculate 17 + (-12 - (-3 + -6 + 4)).
10
-29 + (-3 - -9) + 27
4
What is the value of (-10 - -23) + -6 - 13?
-6
Calculate 20 + (-6 - -1 - -5) + -2 + -4.
14
What is -5 + (0 + -28 - -20) + 29?
16
What is 1 + -28 - (-5 - (-6 - (-20 + 11)))?
-19
Calculate 21 + 14 + (-2 - (7 + (3 - 2))).
25
2 - (-41 + 26 + (9 - 1))
9
What is 7 + -4 - (28 + -40 - 4)?
19
(-43 - 6) + -70 + 91
-28
What is 15 - (-12 - -10 - -10